1903783521 a prime number?
True
Is 47586397 prime?
True
Is 96037649 a composite number?
True
Is 113576749337 a composite number?
False
Is 17138588926 composite?
True
Is 964253239 composite?
False
Is 818735803 a prime number?
False
Is 390181997 a composite number?
False
Is 558903566753 prime?
False
Is 6218276047 prime?
True
Is 149792984587 a composite number?
False
Is 195902461 prime?
False
Is 830081851 prime?
True
Is 118349916977 composite?
False
Is 38819950069 a composite number?
True
Is 81194627 prime?
True
Is 1095153595 a composite number?
True
Is 4799485433 prime?
True
Is 26114897167 composite?
False
Is 15910025827 prime?
True
Is 429701797 composite?
True
Is 102187253671 a prime number?
False
Is 14686000981 a composite number?
True
Is 1093492223 a composite number?
True
Is 278152139 a prime number?
True
Is 318784747 composite?
False
Is 3495616391 prime?
True
Is 46169656331 composite?
False
Is 17442359891 composite?
True
Is 920023033 prime?
False
Is 1449660167 prime?
False
Is 11975926477 a composite number?
False
Is 17697075847 composite?
True
Is 637646579 composite?
False
Is 42384379 a composite number?
True
Is 142597879415 a composite number?
True
Is 1553578577 composite?
True
Is 135889141153 prime?
True
Is 8996982637 a composite number?
False
Is 373417571 a prime number?
True
Is 387616774 prime?
False
Is 5400381401 composite?
False
Is 8591421041 a prime number?
False
Is 18297483467 a composite number?
False
Is 1422571853 composite?
True
Is 254446457 prime?
True
Is 8274378859 a composite number?
False
Is 12203768179 a prime number?
True
Is 1582128533 a composite number?
False
Is 324711841 composite?
True
Is 1107566441 a composite number?
False
Is 21423012047 prime?
True
Is 2510039831 prime?
False
Is 539877787 a composite number?
False
Is 914291783 a prime number?
True
Is 47206061911 a prime number?
False
Is 2977487347 a composite number?
True
Is 388299313 prime?
True
Is 211140767 composite?
False
Is 9900732209 a prime number?
False
Is 19809509207 prime?
False
Is 1552978829 prime?
True
Is 135594236387 a prime number?
True
Is 73635768299 a composite number?
False
Is 11878443461 prime?
False
Is 5163625199 prime?
True
Is 20640111593 prime?
True
Is 3144552029 composite?
False
Is 40838723 a composite number?
True
Is 7460192911 a prime number?
True
Is 3702387961 composite?
False
Is 864334061 composite?
False
Is 2267087729 a prime number?
True
Is 238651027577 prime?
True
Is 2332112957 a prime number?
False
Is 11364416549 composite?
False
Is 27913400183 a prime number?
True
Is 3156986983 a composite number?
False
Is 6769857317 composite?
True
Is 15015431071 composite?
False
Is 1539018359 a prime number?
False
Is 94479373 a prime number?
False
Is 15829503223 a composite number?
False
Is 2147691781 a prime number?
True
Is 20958781 prime?
True
Is 3082533257 prime?
True
Is 945675211 a composite number?
True
Is 4782023161 a composite number?
True
Is 67290238201 a composite number?
True
Is 221224949 composite?
True
Is 6073468877 prime?
False
Is 1791985241 a prime number?
True
Is 161083567 prime?
False
Is 8845695329 a composite number?
False
Is 12757886131 prime?
True
Is 4633644863 composite?
False
Is 341087633 a composite number?
False
Is 9279880859 composite?
True
Is 75306019 prime?
True
Is 1525900721 a prime number?
False
Is 1057161547 a composite number?
True
Is 61584359 a prime number?
False
Is 53034078401 prime?
False
Is 49867156793 prime?
True
Is 42194497589 a composite number?
True
Is 1585616243 a composite number?
False
Is 16566013535 a composite number?
True
Is 7890259519 composite?
True
Is 55355527 prime?
True
Is 421077511 a prime number?
True
Is 6871075261 prime?
False
Is 2205620393 prime?
True
Is 72124974667 a prime number?
False
Is 3874366229 a prime number?
True
Is 1831822799 composite?
True
Is 645486607 prime?
False
Is 57385315259 composite?
True
Is 64736690819 a prime number?
False
Is 26691282161 composite?
False
Is 264243554 a prime number?
False
Is 22974574573 composite?
False
Is 15512883335 a composite number?
True
Is 14570037791 a prime number?
True
Is 206819023 prime?
True
Is 2495075677 a prime number?
True
Is 5758424285 a prime number?
False
Is 17274842971 composite?
False
Is 3136272167 a prime number?
False
Is 2281941983 composite?
False
Is 940500217 prime?
False
Is 2465774471 a prime number?
False
Is 6108726671 composite?
True
Is 1354739291 a prime number?
True
Is 129170089 prime?
False
Is 3906184259 a prime number?
True
Is 3831943987 a composite number?
False
Is 1359295997 composite?
False
Is 147159686059 prime?
True
Is 10085861909 composite?
True
Is 19183651709 a prime number?
True
Is 10722875101 composite?
True
Is 15755675603 a prime number?
True
Is 449124503 a prime number?
True
Is 3144599951 prime?
False
Is 433137479 a composite number?
True
Is 2632820521 prime?
True
Is 16249928489 a composite number?
False
Is 3081372649 composite?
False
Is 52245029983 prime?
True
Is 4381923907 a composite number?
False
Is 1358555101 a composite number?
False
Is 589930609 prime?
True
Is 2254064567 a prime number?
True
Is 19608851 prime?
False
Is 12699645943 a composite number?
False
Is 563542961 a prime number?
True
Is 427091981 a prime number?
True
Is 4097437471 a composite number?
False
Is 66273219391 prime?
True
Is 532290101 composite?
True
Is 5719953023 a prime number?
False
Is 57715276193 a composite number?
True
Is 39315137047 prime?
True
Is 746845633 composite?
False
Is 3039848719 a composite number?
True
Is 218654084723 prime?
False
Is 7604828453 prime?
False
Is 6644935601 a composite number?
False
Is 170439289 composite?
True
Is 9519187267 a composite number?
True
Is 13359169283 composite?
False
Is 1615624669 prime?
False
Is 2799022621 a composite number?
False
Is 1940966171 a composite number?
False
Is 35161912091 a composite number?
True
Is 9138299237 a composite number?
False
Is 4533253421 composite?
True
Is 175410360271 composite?
False
Is 596856283 prime?
False
Is 364749599 prime?
True
Is 32203154267 a prime number?
False
Is 551716609 composite?
True
Is 1061737441 prime?
False
Is 707056487 prime?
False
Is 8200600257 composite?
True
Is 2059440611 composite?
True
Is 1453753121 prime?
True
Is 90839490697 composite?
True
Is 2741876233 a composite number?
False
Is 148262887 a composite number?
True
Is 1832029469 a prime number?
False
Is 375055381747 prime?
True
Is 2901772507 a prime number?
False
Is 30709665643 a prime number?
True
Is 502893463 composite?
True
Is 3611644247 composite?
False
Is 2233170767 prime?
False
Is 1455567859 composite?
False
Is 459272923 a composite number?
True
Is 224496187 a composite number?
False
Is 208128217 a prime number?
False
Is 49641546041 a composite number?
True
Is 695738807 prime?
True
Is 36057543499 a composite number?
False
Is 25770627137 prime?
True
Is 515901335 prime?
False
Is 53783861 composite?
False
Is 1480098227 a prime number?
False
Is 3676991887 a composite number?
False
Is 161901529 a prime number?
False
Is 178507850621 a composite number?
True
Is 4992592791 composite?
True
Is 98732213 composite?
True
Is 2525271481 a prime number?
True
Is 223320006215 a prime number?
False
Is 10879697561 prime?
True
Is 229814159 a composite number?
True
Is 102287912345 a composite number?
True
Is 270799589 prime?
True
Is 157861859 composite?
False
Is 1279439467 composite?
False
Is 1186243631 composite?
False
Is 280192697 composite?
True
Is 77882490157 prime?
True
Is 10924877153 a composite number?
True
Is 2659635047 a prime number?
True
Is 26434138583 composite?
True
Is 932133929 a prime number?
False
Is 11789130499 prime?
False
Is 4701717203 a prime number?
True
Is 1486054121 a prime number?
False
Is 29887818143 prime?
True
Is 4569116614 a composite number?
True
Is 8011699447 a prime number?
False
Is 16136678939 a prime number?
True
Is 22163872361 prime?
True
Is 10313093117 composite?
True
Is 7293814057 prime?
True
Is 1265581381 composite?
False
Is 320677529 a prime number?
False
Is 2015142643 a prime number?
True
Is 10764049 prime?
True
Is 197281855709 a prime number?
True
Is 522292217 a prime number?
True
Is 1826109161 prime?
True
Is 2743367789 a prime number?
False
Is 1182045349 a composite number?
False
Is 60907110937 prime?
True
Is 1802570749 composite?
True
Is 28149664735 composite?
True
Is 